{"id":1980,"date":"2025-11-11T14:04:32","date_gmt":"2025-11-11T14:04:32","guid":{"rendered":"https:\/\/collagecreativoagency.com\/idf\/?page_id=1980"},"modified":"2025-11-11T14:10:18","modified_gmt":"2025-11-11T14:10:18","slug":"blog","status":"publish","type":"page","link":"https:\/\/collagecreativoagency.com\/idf\/blog\/","title":{"rendered":"Blog"},"content":{"rendered":"\t\t<div data-elementor-type=\"wp-page\" data-elementor-id=\"1980\" class=\"elementor elementor-1980\" data-elementor-post-type=\"page\">\n\t\t\t\t<div class=\"elementor-element elementor-element-15f2ec8 e-flex e-con-boxed e-con e-parent\" data-id=\"15f2ec8\" data-element_type=\"container\">\n\t\t\t\t\t<div class=\"e-con-inner\">\n\t\t\t\t<div class=\"elementor-element elementor-element-f730115 elementor-widget elementor-widget-text-editor\" data-id=\"f730115\" data-element_type=\"widget\" data-widget_type=\"text-editor.default\">\n\t\t\t\t<div class=\"elementor-widget-container\">\n\t\t\t\t\t\t\t\t\t<p><style><span data-mce-type=\"bookmark\" style=\"display: inline-block; width: 0px; overflow: hidden; line-height: 0;\" class=\"mce_SELRES_start\">\ufeff<\/span><span data-mce-type=\"bookmark\" style=\"display: inline-block; width: 0px; overflow: hidden; line-height: 0;\" class=\"mce_SELRES_start\">\ufeff<\/span><span data-mce-type=\"bookmark\" style=\"display: inline-block; width: 0px; overflow: hidden; line-height: 0;\" class=\"mce_SELRES_start\">\ufeff<\/span><span data-mce-type=\"bookmark\" style=\"display: inline-block; width: 0px; overflow: hidden; line-height: 0;\" class=\"mce_SELRES_start\">\ufeff<\/span><span data-mce-type=\"bookmark\" style=\"display: inline-block; width: 0px; overflow: hidden; line-height: 0;\" class=\"mce_SELRES_start\">\ufeff<\/span><br \/>  .mi-texto {<br \/>    \/* Tipograf\u00eda fluida: entre 1.25rem y 2.5rem, ajust\u00e1ndose seg\u00fan el ancho *\/<br \/>    font-size: clamp(1.25rem, 5vw, 2.5rem);<br \/>    line-height: 1.2;<br \/>    text-transform: uppercase;<br \/>    text-align: center;<br \/>    margin: 1rem;           \/* espacio alrededor *\/<br \/>    white-space: normal;    \/* permite el ajuste de l\u00ednea *\/<br \/>  }<\/p>\n<p>  .shiny-word {<br \/>    display: inline-block;<br \/>    font-weight: bold;<br \/>    background: linear-gradient(90deg, #234acb, #32aaf0, #234acb);<br \/>    background-size: 200% 100%;<br \/>    color: transparent;<br \/>    background-clip: text;<br \/>    -webkit-background-clip: text;<br \/>    animation: shine 3s linear infinite;<br \/>    line-height: 1;<br \/>    text-transform: uppercase;<br \/>  }<\/p>\n<p>  @keyframes shine {<br \/>    0%   { background-position:   0% 50%; }<br \/>    100% { background-position: 200% 50%; }<br \/>  }<\/p>\n<p>  \/* Ajustes extra en pantallas muy angostas *\/<br \/>  @media (max-width: 400px) {<br \/>    .mi-texto {<br \/>      font-size: 1.1rem;<br \/>      margin: 0.5rem;<br \/>    }<br \/>  }<br \/><\/style><\/p><h1 class=\"mi-texto\"><span class=\"shiny-word\">Blog <\/span><\/h1>\t\t\t\t\t\t\t\t<\/div>\n\t\t\t\t<\/div>\n\t\t\t\t<div class=\"elementor-element elementor-element-c2f18c3 elementor-grid-3 elementor-grid-tablet-2 elementor-grid-mobile-1 elementor-posts--thumbnail-top elementor-widget elementor-widget-posts\" data-id=\"c2f18c3\" data-element_type=\"widget\" data-settings=\"{&quot;classic_columns&quot;:&quot;3&quot;,&quot;classic_columns_tablet&quot;:&quot;2&quot;,&quot;classic_columns_mobile&quot;:&quot;1&quot;,&quot;classic_row_gap&quot;:{&quot;unit&quot;:&quot;px&quot;,&quot;size&quot;:35,&quot;sizes&quot;:[]},&quot;classic_row_gap_tablet&quot;:{&quot;unit&quot;:&quot;px&quot;,&quot;size&quot;:&quot;&quot;,&quot;sizes&quot;:[]},&quot;classic_row_gap_mobile&quot;:{&quot;unit&quot;:&quot;px&quot;,&quot;size&quot;:&quot;&quot;,&quot;sizes&quot;:[]}}\" data-widget_type=\"posts.classic\">\n\t\t\t\t<div class=\"elementor-widget-container\">\n\t\t\t\t\t\t\t<div class=\"elementor-posts-container elementor-posts elementor-posts--skin-classic elementor-grid\">\n\t\t\t\t<article class=\"elementor-post elementor-grid-item post-1951 post type-post status-publish format-standard hentry category-uncategorized\">\n\t\t\t\t<div class=\"elementor-post__text\">\n\t\t\t\t<h3 class=\"elementor-post__title\">\n\t\t\t<a href=\"https:\/\/collagecreativoagency.com\/idf\/from-chaos-to-clarity-how-smart-fulfillment-transforms-the-customer-experience\/\" >\n\t\t\t\tFrom Chaos to Clarity: How Smart Fulfillment Transforms the Customer Experience\t\t\t<\/a>\n\t\t<\/h3>\n\t\t\t\t<div class=\"elementor-post__meta-data\">\n\t\t\t\t\t<span class=\"elementor-post-avatar\">\n\t\t\tNo Comments\t\t<\/span>\n\t\t\t\t<\/div>\n\t\t\t\t<div class=\"elementor-post__excerpt\">\n\t\t\t<p>From Chaos to Clarity: How Smart Fulfillment Transforms the Customer Experience Behind every \u201corder confirmed\u201d is a chain of precise actions. At iDrive Fulfillment, we combine<\/p>\n\t\t<\/div>\n\t\t\n\t\t<a class=\"elementor-post__read-more\" href=\"https:\/\/collagecreativoagency.com\/idf\/from-chaos-to-clarity-how-smart-fulfillment-transforms-the-customer-experience\/\" aria-label=\"Read more about From Chaos to Clarity: How Smart Fulfillment Transforms the Customer Experience\" tabindex=\"-1\" >\n\t\t\tRead More \u00bb\t\t<\/a>\n\n\t\t\t\t<\/div>\n\t\t\t\t<\/article>\n\t\t\t\t<\/div>\n\t\t\n\t\t\t\t\t\t<\/div>\n\t\t\t\t<\/div>\n\t\t\t\t\t<\/div>\n\t\t\t\t<\/div>\n\t\t\t\t<\/div>\n\t\t","protected":false},"excerpt":{"rendered":"<p>Blog<\/p>\n","protected":false},"author":1,"featured_media":0,"parent":0,"menu_order":0,"comment_status":"closed","ping_status":"closed","template":"","meta":{"postBodyCss":"","postBodyMargin":[],"postBodyPadding":[],"postBodyBackground":{"backgroundType":"classic","gradient":""},"footnotes":""},"class_list":["post-1980","page","type-page","status-publish","hentry"],"_links":{"self":[{"href":"https:\/\/collagecreativoagency.com\/idf\/wp-json\/wp\/v2\/pages\/1980","targetHints":{"allow":["GET"]}}],"collection":[{"href":"https:\/\/collagecreativoagency.com\/idf\/wp-json\/wp\/v2\/pages"}],"about":[{"href":"https:\/\/collagecreativoagency.com\/idf\/wp-json\/wp\/v2\/types\/page"}],"author":[{"embeddable":true,"href":"https:\/\/collagecreativoagency.com\/idf\/wp-json\/wp\/v2\/users\/1"}],"replies":[{"embeddable":true,"href":"https:\/\/collagecreativoagency.com\/idf\/wp-json\/wp\/v2\/comments?post=1980"}],"version-history":[{"count":13,"href":"https:\/\/collagecreativoagency.com\/idf\/wp-json\/wp\/v2\/pages\/1980\/revisions"}],"predecessor-version":[{"id":1994,"href":"https:\/\/collagecreativoagency.com\/idf\/wp-json\/wp\/v2\/pages\/1980\/revisions\/1994"}],"wp:attachment":[{"href":"https:\/\/collagecreativoagency.com\/idf\/wp-json\/wp\/v2\/media?parent=1980"}],"curies":[{"name":"wp","href":"https:\/\/api.w.org\/{rel}","templated":true}]}}